8. Suppose 4*c = 4*y - 2920, -3*y - 2*c - z = -6*y. Let x = -212 + y. Is x a prime number?
True
Let n = 17 - 10. Let j(l) = -l**2 + 10*l + 6. Let d be j(n). Is 10/45 + 2235/d prime?
True
Suppose -4*z + 0*z = -8. Suppose -7*s - 1 = 2*o - z*s, -5*s = 4*o - 3. Suppose 1632 = 4*w - 5*n - 621, -3*w + o*n + 1681 = 0. Is w prime?
True
Suppose -5*m + 6*m + 4 = 0. Let h be 5/((-1)/m*4). Suppose -i = -h*w + 165, -w - 4*i - 99 = -4*w. Is w composite?
True
Let i = 397 + 234. Is i prime?
True
Let d = 2472 + -1586. Let z = d + -492. Is z a composite number?
True
Is 633/2*8/12 a prime number?
True
Suppose -30231 = -8*q + 1681. Is q a composite number?
False
Let d be (-10)/55 - (-79)/11. Let c be d/(3*2/378). Suppose -11 = -4*f + c. Is f a composite number?
False
Let o be (-1110)/(-55) - 4/22. Let n = 24 - o. Is (-630)/(-8) - (-1)/n a composite number?
False
Let x = -636 + 1531. Is x prime?
False
Is 720 + (-10 + 6 - -2) composite?
True
Let l be 3 + (4 - -1) + (-3 - -4). Suppose l*r - 3335 - 238 = 0. Is r composite?
False
Suppose -6*c + 1087 = h - 2*c, -c = -2*h + 2129. Is h a composite number?
True
Let h(x) = -x**3 + 5*x**2 + 15*x - 1. Let q be h(7). Let r be (-2 - 0 - 0) + 4. Is ((-4)/q)/(r/(-1185)) composite?
True
Let c(v) = -9269*v + 20. Is c(-1) prime?
False
Let w(x) = -4*x**3 + x**2 - 3*x + 1. Let u = -40 - -37. Is w(u) composite?
False
Let u = 47 + -41. Suppose 17300 = u*a + 1538. Is a prime?
False
Suppose 2*y - 6707 = -k, -4*k = -5*y + k + 16805. Let d = -2373 + y. Is d prime?
True
Suppose -10*j = 20014 - 143744. Is j a prime number?
True
Is 13070/90 - 4/18 a prime number?
False
Let v be -3 + (-2 + 30)/4. Suppose -4*o - 6*f - v = -2*f, 0 = 5*f + 5. Suppose o = 2*q - 2*g - 306, 3*q + 145 = 4*q + g. Is q a prime number?
True
Suppose -2*d = -b + 12, 0 = 2*b - d - 4*d - 26. Let o(s) = -s**3 + 14*s**2 - 21*s - 8. Let l be o(12). Is (l/b)/(1/4) composite?
True
Suppose 3*z + u + 1 = -6, 3*u = -2*z. Is 314 - (z - (3 + -3)/(-3)) prime?
True
Let g be 3*4/12*(2 + -2). Suppose 3*n + 2*n - 745 = g. Is n prime?
True
Let d = 93 + 436. Let q be (-2 + 1)*(0 - d). Let p = -32 + q. Is p prime?
False
Let w = 2643 - 805. Is w prime?
False
Suppose -15*t = -6*t - 27. Let h(q) = 98*q**2 + 2*q + 5. Is h(t) prime?
False
Suppose 50 = 7*v - 2*v. Let k be 3/2 - 475/v. Is (2 - k) + -1 + 0 a composite number?
False
Suppose 0 = 7*a - 206681 + 40270. Is a a composite number?
False
Let w = -69 + 70. Suppose 18 = u - w. Is u a composite number?
False
Let g = 15 + -9. Let l = -4 + g. Suppose 2*v = -0*v + 5*i + 173, l*v - 4*i = 168. Is v prime?
False
Let u = -64 - -58. Let r = 6 + 1. Is u*r*3/(-6) prime?
False
Suppose 3*d + 16199 - 90092 = 0. Is d prime?
True
Let j(n) = n**2 - 4. Let i be j(-3). Suppose -t = 3*w - 11, 3*w = i*t + w - 21. Suppose t*u + 537 = 3*x, -2*x - 2*u - u + 358 = 0. Is x composite?
False
Let i be 4/6 - (-56504)/42. Suppose -4*q + 9 = -7. Suppose -1634 - i = -q*y. Is y composite?
True
Let d(p) = -p**3 - p**2 + 11*p + 9. Suppose 4*y - 25 = -y. Let t(n) = -n**2 + 6*n - 11. Let v be t(y). Is d(v) a composite number?
True
Let u = 2 - -2. Suppose 0*p + 3*p = -4*n - 78, -4*p = u*n + 80. Is ((-498)/(-2))/((-27)/n) a composite number?
True
Let c(h) = -242*h + 319. Is c(-9) composite?
True
Let t = 3912 + 7. Is t composite?
False
Let q be (6/(-10))/(-3*(-3)/(-45)). Let d = -5 - -8. Suppose -q*k - d*k = -126. Is k a prime number?
False
Let l be ((-10)/(-15))/((-4)/(-18)). Is -4 + (-2130)/(-5) - l/1 a prime number?
True
Suppose 66 = 3*b + l, -2*l - l = 0. Suppose -4*z + 112 = 4*q, 4*z + q = 5*z - b. Is z prime?
False
Let o(w) = 2*w**2 + 13*w + 8. Let t be (-8)/(-6) + (-68)/(-12). Let n be (-93)/t - 2/(-7). Is o(n) a prime number?
False
Suppose 3*p - 3*k + 106 - 25 = 0, 4*k = -4. Is (p/(-16))/(3/1668) composite?
True
Suppose 5*b = -3 + 13. Is ((-2)/b)/((-3)/1221) a prime number?
False
Suppose 4*h = 3*h + 2. Suppose h*y + 20 = 7*y. Suppose 2*u + j = 579, u + y*j - 881 = -2*u. Is u prime?
False
Let s = 3201 - 1450. Let o = s + -862. Is o a prime number?
False
Suppose -164053 = -4*i - r, i = -0*i - 5*r + 40999. Is i a composite number?
True
Let a(q) = 4*q**3 - 100*q**2 + 67*q + 28. Is a(41) a composite number?
False
Let d(v) = -20*v - 10. Let b be d(7). Suppose 325 + 2 = -t. Let s = b - t. Is s composite?
True
Let r be -115*3/6*-2. Let m be r/(-1)*4/(-5). Suppose c + c = m. Is c a composite number?
True
Let u(j) = -513*j + 11. Let o(l) = -1027*l + 23. Let p(q) = 4*o(q) - 9*u(q). Is p(2) a composite number?
True
Let a be (14/10)/(8/40). Suppose a*m = 5*m + 754. Is m composite?
True
Let r(n) = -132*n + 1. Let d = 9 - 21. Is r(d) a prime number?
False
Suppose 15*o = 14*o + 1. Is (-9306)/48*-6 - o/4 composite?
False
Let q(i) = 5*i**2 - 3*i + 4. Suppose -p - p = -10. Let t be q(p). Suppose -3*j = t - 381. Is j prime?
True
Let i(o) = o**3 - 4*o**2 - o - 1. Let q be ((-15)/(-3))/(1/1). Suppose 0*s + 21 = 3*g + q*s, 0 = -2*g - s + 14. Is i(g) a composite number?
False
Suppose 442736 = 85*u - 387459. Is u composite?
False
Let i(m) be the second derivative of -7*m + 1/2*m**2 + 1/3*m**4 + 0 - 1/6*m**3. Is i(6) a prime number?
True
Let r(f) = 38*f + 19. Let v(t) = 6*t**2 - 7*t + 1. Let u be v(2). Is r(u) a prime number?
False
Suppose -6 = -3*m, -4*a = -4*m - 0*m - 40. Suppose 5*p - p - a = 0. Suppose 1337 = p*l - 4*q, -112 = -l + 2*q + 331. Is l composite?
True
Let c = -48088 + 88167. Is c composite?
True
Let p(a) = -a**3 - 2*a**2 + 8*a + 55201. Is p(0) a prime number?
True
Let b = -6410 - -18468. Is b prime?
False
Let x = 55 - 37. Is (9/x)/((-1)/(-3946)) a composite number?
False
Let c(a) = -1 + 8 + a + 8 - 5. Let l be c(-7). Is l - -1*(87 - 1) a composite number?
False
Let u = 143 - -222. Let s = u + 284. Is s composite?
True
Let o = 12050 + -5215. Is o composite?
True
Let t = 33 - -2. Let b be (-3)/5 + 4431/t. Let n = b + -77. Is n a composite number?
True
Let g(w) = 20*w + 24*w - 15 + 6*w**2 + 12*w. Is g(-18) a composite number?
True
Let j(t) = 3*t - 4. Let i be j(2). Suppose -3*l = 3*a - 1428, 4*l + 970 = i*a - 0*l. Is a a composite number?
False
Let i be ((-6)/7)/(1/7). Let t be 81/i + (-4)/8. Let v(y) = y**2 + 9*y - 15. Is v(t) composite?
True
Let i be -3*1/9*-2217. Suppose 10*d - i - 1491 = 0. Is d a composite number?
False
Let k = 35 - 30. Suppose 3*w = 2*w - k*f + 256, f - 810 = -3*w. Is w prime?
True
Let n be 11/(-2)*(-4)/11. Is ((-1041)/n)/(14/(-28)) a prime number?
False
Is -14*4/(-140) + (-20583)/(-5) a composite number?
True
Suppose -6361 = -2*g - 3*v, 2*g + 5*v - 6860 = -489. Is g a composite number?
True
Suppose 0 = i, -4*i + 8 = 5*j - 2. Suppose -j*v = -411 - 35. Is v a composite number?
False
Suppose -5*t + 2721 = -4334. Is t prime?
False
Suppose -3*x + 213 - 1572 = -2*m, 0 = -5*x - 5. Suppose i - 3193 = -m. Is i a composite number?
True
Suppose 2 = 2*a, -3*o + 0*a = -4*a - 74. Let n be o/6 + (-2)/6. Suppose n*q - 5*k + 641 = 2197, 3*k + 778 = 2*q. Is q a prime number?
True
Is (-40799616)/(-1053) - 4/54 composite?
True
Suppose 0 = -298*l + 291*l + 8939. Is l prime?
True
Suppose -k - 318134 = -12*c + 9*c, 2*c + 3*k = 212071. Is c composite?
True
Let p(f) = -f**3 - 18*f**2 - 8*f + 20. Suppose -155 = 11*j + 54. Is p(j) a prime number?
False
Let d = -26148 - -36631. Is d a prime number?
False
Let w(d) = 1777*d**2 - d + 1. Let i be 22/(-33)*(-3)/2. Is w(i) composite?
False
Suppose -r - 2 = r - 2*b, 3*r - 13 = -b. Suppose 4*c + r*s = 451, 29 = c - 4*s - 60. Is c a composite number?
False
Suppose 2*o - 46 - 68 = 0. Let g = o + 121. Is g prime?
False
Let x(j) = -3*j - 2. Suppose -l + 5*i = 18, 3*i - 6*i + 2 = -5*l. Let h be x(l). Let c(k) = -k**3 - 9*k**2 - 11*k - 5. Is c(h) a composite number?
False
Suppose 0 = r + 5*u - 5 - 4, -u = -1. Let z be (12/(-21))/((-2)/7). Suppose -103 = -0*a - z*a + k, -r*a + 209 = -k. Is a a prime number?
True
Suppose 4*j - 16 = -0*j. Let k(l) = 24*l**3 + 5*l**2 - 4*l - 4. Let y be k(j). Let v = -623 + y. Is v a composite number?
True
Let h = 10707 + -6530. Is h prime?
True
Let q(w) = 4*w**2 - 4*w - 14. Let h be q(6). Let l = 245 - h. Is l a composite number?
False
Let q be (-3)/(-3)*(-1 + 3). Let p be (-2)/3 - (-371)/3. Suppose q*x - p = -5*d, -x + 90 + 9 = 4*d. Is d a composite number?
True
Let t(r) = -r**3 + 16*r**2 - 14*r - 19. Let w be t(15). Le